 w(f) = -69678*f - 63. Let x be w(1). What is the thousands digit of x/(-108)*(16/6 + 0)?
1
Suppose -4*c = -5*r - 5578, -2*c - 3*r = -1308 - 1492. Suppose -7*u = -6*u + 5*s - 461, -c = -3*u - s. What is the units digit of u?
6
Suppose -479 + 245 = -6*q. Suppose -2*r + q + 921 = 0. What is the hundreds digit of r?
4
Let q(v) = -4*v - 15 - 88*v**2 + 107*v**2 - v**3 + 20. What is the hundreds digit of q(16)?
7
Let w(v) = -9*v + 174. Let q be w(-11). What is the hundreds digit of (q/3)/((-8)/(-40)) - 3?
4
Let m = 10941 + -6559. What is the units digit of m?
2
Let t be 106/(-4 - (-54)/12). Let s = t + -208. What is the units digit of s?
4
Suppose 28*i = -47*i + 58*i + 160905. What is the tens digit of i?
6
Suppose -2*c = -4*z - 0*c + 20, z = c + 4. Let s be 16/z + 12/(-18). Suppose -3*r - s*r + 4*t = -54, 5*r - 2*t - 52 = 0. What is the units digit of r?
0
Let k be (192/(-20) - -9)*(0 - 5). Suppose 0 = -3*h + t - 3*t + 269, -5*h + 449 = k*t. What is the tens digit of h?
9
Let g = 133730 - 95019. What is the ten thousands digit of g?
3
Let t = -273 - -324. Let j be (-2)/(-4)*10 + -1. Suppose j*d + t - 187 = 5*r, -5*r + 102 = 3*d. What is the tens digit of d?
3
What is the ten thousands digit of (-6*634/(-20))/(63/4830)?
1
Suppose 0 = 5*q - 2*y - 5648, 3*q + 17*y = 14*y + 3393. What is the tens digit of q?
3
Let x(p) = -525*p - 97. Let s be x(-5). Suppose -7*w + 972 = -s. What is the tens digit of w?
0
Let y(v) = 6*v**3 - v**2 + 1. Let g be y(-1). Let q(p) = 17*p + 9*p**2 - 26*p + 19*p - 8 + p**3. What is the units digit of q(g)?
0
Let z(t) = 15*t**3 - 3*t**2 - 18*t + 12. What is the tens digit of z(7)?
8
Suppose -10*n = 17*n - 135. Suppose n*t + 4*y - 2898 = 0, -3*t = t + 4*y - 2320. What is the hundreds digit of t?
5
Suppose -4*p = 4*g - 448, p - 112 = 5*g - 7*g. Let r(z) = z**3 + 2*z**2 + 2. Let h be r(-4). Let b = p - h. What is the hundreds digit of b?
1
Let m(z) = z - 7. Let c be m(10). Let r = -135 - -144. Suppose c*k = -r*k + 432. What is the tens digit of k?
3
Suppose 2*u + 111 = 3*d, 0 = 4*d - 0 - 4. What is the tens digit of (u/(-12))/((-69)/24 - -3)?
3
Suppose 103*u - 457644 - 808741 = 0. What is the thousands digit of u?
2
Suppose 5*t + 4*g + 1980 = 4688, -2*t + 1072 = -4*g. Let l = 1254 - t. What is the tens digit of l?
1
Suppose 43*l - 54*l = -21769. Let v = 2830 - l. What is the tens digit of v?
5
Let x(l) = 2632*l**2 - 22*l. What is the hundreds digit of x(-2)?
5
Suppose 11*x + 237 + 71 = 0. Let g be (6/(-4))/(21/x). Suppose -4*j = -r - 382, -2*r - 180 = -g*j - 7*r. What is the units digit of j?
5
Let v(t) = 7*t**3 + 36*t**2 + 50*t + 92. Let w(i) = 4*i**3 + 18*i**2 + 25*i + 46. Let p(u) = 3*v(u) - 5*w(u). What is the units digit of p(-15)?
6
Let a(w) = 10*w**2 + 9*w + 394. What is the tens digit of a(-20)?
1
Let d(q) = q**3 + 10*q**2 - 4*q + 21. Suppose 0 = -3*a - 15 - 15. Let g be d(a). Suppose -4*m + 291 = -g. What is the tens digit of m?
8
Let a be (24 - 21)/((-2)/730). Let i = a - -1549. What is the tens digit of i?
5
Let r(m) = -35*m - 7. Let b be r(-6). Suppose 2*c + 3 = -v + 6*c, 2*v + c - 12 = 0. What is the units digit of b + v/(20/(-12)) + 6?
6
Let v be 1*1024/(-14) - (-3)/21. Let c = v + 75. What is the units digit of (47*c/(-4))/(12/(-24))?
7
What is the units digit of ((-61778)/6 + -2)/((-24)/72)?
5
What is the tens digit of -8 + (-337240)/(-32) + (-11)/(-44)?
3
Suppose -14*v + 295869 = 11*v - 18*v. What is the hundreds digit of v?
2
Suppose -163 = -18*t - 19. What is the hundreds digit of (-3247)/(-8) - (-1)/t?
4
Let y(u) = -4*u + 30 - 12 - 18. Let d be y(-7). Let t = d - 10. What is the tens digit of t?
1
Suppose 147473 = 4*t - y - 120928, 0 = 4*t - 3*y - 268411. What is the units digit of t?
9
Let j = 10 - 7. Let w(h) = -3*h**2 + 9*h - 6. Let u be w(j). What is the tens digit of -9 - u - (-1 - 198)?
9
Suppose -5*v + 9*v - 96 = 0. Let p be (45/4)/5*v/9. Suppose 2*l = -2*r + 86, -p*l + 5*r = -l - 205. What is the units digit of l?
2
Let w(p) = p**2 - 140*p - 146. What is the hundreds digit of w(-53)?
0
Suppose -18105 = -h - 5734 + 16252. What is the tens digit of h?
2
Let w(p) = -4*p**2 + 36*p - 8. Let h be w(6). What is the tens digit of (h/(-24) + 3)*324?
0
Let u(h) = 30*h + 40*h + 100*h**3 - 73*h + 4 + 6*h**2. What is the tens digit of u(2)?
2
Let c(o) = 2*o + 272*o**3 - 6*o**2 + 522*o**3 - 4 + 7 - 59*o**3 - 68*o**3. What is the units digit of c(1)?
6
Let b = -170 + 503. Let q = -241 + b. What is the units digit of q?
2
Let u(b) = 0*b**2 - 3918*b - 4*b**2 - 24 + 3724*b - 1. What is the units digit of u(-37)?
7
Suppose v - 426 - 457 = 0. What is the units digit of 23/((-69)/(-18)) + v?
9
What is the hundreds digit of (-10)/4*1*12345992/(-515)?
9
Suppose 11*o - 192 = -214. Suppose 2*c = -5*d - 30, d - 41 = 5*d + 5*c. What is the hundreds digit of 214 - (2 + (o - d)*-2)?
2
Suppose 2*u - 41001 = -5*c, 5*c - 480*u + 478*u = 41009. What is the hundreds digit of c?
2
Suppose 0 = -58*c + 56*c + 4*g + 57792, -57792 = -2*c - 2*g. What is the ten thousands digit of c?
2
Suppose -48*f + 4 = -46*f. Suppose o = -f*t + 249, 4*o - t = 3*o + 258. Suppose 0 = 10*r - 1145 - o. What is the units digit of r?
0
Let x(s) = -2*s**2 - 1. Suppose 2 + 12 = -2*l. Let v(m) = -6*m**2 + m - 4. Let o(g) = l*x(g) + 2*v(g). What is the tens digit of o(-7)?
8
Suppose 26*w = 23*w + 6. Suppose -k = -2 - w. Suppose k*j - 235 - 140 = -3*z, z + 92 = j. What is the tens digit of j?
9
Let d(w) be the second derivative of 33/2*w**2 - 1/3*w**3 - 28*w + 0. What is the units digit of d(8)?
7
Let h(t) = t**3 - 11*t**2 + 3*t + 74. Let u be h(10). Suppose -u*m = 4*g - 964, -5*g + 1212 = -0*m - 2*m. What is the units digit of g?
2
Let q = 2522 - 214. What is the units digit of q?
8
Suppose 27*l - 33*l + 8544 = 0. Let j be ((-4)/(-3))/(-4) + l/6. Suppose -j = -3*v + 138. What is the units digit of v?
5
Suppose 54*n - 24 = 51*n. What is the tens digit of (n/(-6) + 2)/(14/5817)?
7
Let o(z) = 2*z + 212. Let r = 2 - 2. Let j be o(r). Suppose 0 = 3*c - j + 62. What is the tens digit of c?
5
Suppose n - 4*n = -588. Suppose -70*c + 71*c + 3*g - 317 = 0, -g + 1641 = 5*c. Let q = c - n. What is the units digit of q?
3
Let r = -80 - -70. Let t be ((-2)/(-4))/(r/(-80)). Suppose -g + 6*g + j - 816 = 0, 4*g = -t*j + 640. What is the tens digit of g?
6
Let d = -47 - -55. Suppose 3*m - 6 = 3*w - 6*w, 4*m - d = -5*w. Suppose -8 = -2*v, -m*f - v = f - 199. What is the tens digit of f?
6
Let g(k) = 50*k - 175. Suppose 0 = 34*b - 328 - 590. What is the units digit of g(b)?
5
Let y be 3 - (5 - 4)/(0 + 1). Suppose 2*m + 3*m = -3*r + 2435, -m + 487 = y*r. What is the tens digit of m?
8
Suppose -97*a + 14044 = -96*a + d, 0 = -4*d + 4. What is the hundreds digit of a?
0
Let p be (-2)/(-10) - 3/((-45)/447). Suppose -3*l = -6*l - p. What is the units digit of -1 - 6/l - (-454)/10?
5
Let o(n) = -n**2 + 5*n + 3. Let s be o(0). Suppose a - 289 = 2*k, -3*a + s*k + 433 = -419. What is the units digit of a?
9
Suppose 2*n - 5*o + 19 = 0, -7*n + 4*o = -2*n + 5. Let s(k) = 0 + 0*k + 12*k**2 + n + k. What is the tens digit of s(2)?
5
What is the thousands digit of (-7 + 697)/(5778/480 + -12)?
8
Suppose -435648 - 556202 = -25*w. What is the ten thousands digit of w?
3
Let b be 80/30*(-1 - 14). Let x be (-64)/b + (-4)/(-10). Suppose x*n + 24 = 4*n. What is the units digit of n?
2
Suppose 1908 = 31*s - 40*s. Let k = -9 - s. Suppose 0 = 3*p + 4*f - 293, -4*p - k = -6*p + 5*f. What is the tens digit of p?
9
Let k(v) be the second derivative of -v**4/12 + 447*v**2/2 - 76*v. What is the hundreds digit of k(0)?
4
Let o(t) = -231*t**3 + 11*t**2 + 14*t - 16. What is the hundreds digit of o(-6)?
1
Suppose -5*j = -3*i + 80 - 230, 144 = -3*i + 3*j. What is the units digit of 27/i - ((-13)/5 - 2)?
4
Let t be 15/(-20)*(-16)/(-6)*-1. Let f be (t + 2)*-50*(-3)/24. Suppose o - 22 = f. What is the units digit of o?
7
Suppose 5*t - 15 = 5*f, -5*f + 21 = 2*t - 20. Suppose -t*v + 4884 = -4100. What is the hundreds digit of v?
1
Suppose -5*f - 2*p = -41, -3*f - 12 = -5*f - 3*p. Suppose -f*r = -5*r - 248. Suppose -2*x + 4 = -2*z - 48, 2*x + 3*z - r = 0. What is the units digit of x?
8
Let b(h) = 4*h + 170. Let j be b(-34). What is the hundreds digit of 106/2*(j + -23)?
5
Let i = -105 - -138. Suppose -3*b + 4356 = i*b. Wh